 5*b + 2. Let g(p) = -m(p) + 3*r(p). Is g(t) prime?
True
Let m = -7 - -9. Is m*3*(-53)/(-6) a composite number?
False
Let z be 94/(-4) + (-5)/(-10). Let j = -13 - z. Is j prime?
False
Let j(u) = -109*u + 4. Is j(-3) composite?
False
Suppose 0 = 3*b + 12, 3*b + b + 189 = -p. Suppose 8*s + 1024 = 4*s. Let q = p - s. Is q a composite number?
False
Suppose 0 = 3*r + 5*u - 898, 0 = 3*r - 0*u + 3*u - 888. Is r prime?
False
Let k(n) = -n**3 - 6*n**2 + 2*n + 1. Let h be k(-6). Let s(o) be the third derivative of -o**5/60 - 19*o**4/24 - 5*o**3/6 - 7*o**2. Is s(h) a prime number?
True
Suppose v - 2 - 2 = 0. Let j = v + 43. Is j a prime number?
True
Let z(r) = -3*r**3 - 10*r**2 - 10*r - 22. Is z(-7) composite?
False
Let n = -35 + 51. Let k(p) = -p**3 - 4*p**2 + 3. Let i be k(-4). Suppose -14 = -i*q + n. Is q composite?
True
Let a(y) = 10*y**2 - y - 1. Let p be a(2). Suppose m - 15 = 3. Let f = p - m. Is f composite?
False
Suppose y + 12 = 2. Is 6/15 - 906/y a prime number?
False
Suppose 10*l - 22666 = -4*l. Is l a composite number?
False
Let l = 947 - 594. Let z = l + -96. Is z prime?
True
Let y = 16 - -8. Suppose 3*g - y = -0*g. Suppose -g*j + 76 = -4*j. Is j a composite number?
False
Let d = -1 + -8. Let s = 13 + d. Is ((-74)/s)/((-4)/8) a prime number?
True
Suppose 3*i - o - 178 = 0, -5*i - 5*o = -224 - 66. Is i prime?
True
Let k = -13 + 18. Suppose 4*q + k*j = 88 + 195, 3*q + 4*j = 213. Is q prime?
True
Let f be 3726/(-4) + 1/2. Is f/(-63) + (-4)/(-18) prime?
False
Suppose 3*l + 2*q = -12, l = -4*l - 3*q - 20. Is 2/3*(-762)/l prime?
True
Let l = 19 + 30. Let a = l - 35. Is a a prime number?
False
Suppose x + 3636 = 5*x. Is (x + 6)*1/3 composite?
True
Suppose -5*q - l = -10, 2*q - 3*l - 4 = -0*q. Suppose -546 - 124 = -5*d. Suppose -t - d = -3*t - q*m, -2*m = -5*t + 335. Is t a prime number?
True
Suppose -5*n + 5*h = -0*n - 5, 4*n - 9 = 5*h. Is (4 - 3) + n - -338 prime?
False
Suppose 4*i = -a + 485, 5*a + 5*i - 1815 = 610. Suppose -3*l - 37 + a = 5*m, -91 = -m - 2*l. Is m a composite number?
False
Suppose -10 = 4*p - 5*o, 4*p - o + 2*o = 2. Is 4*9 - (p + 1) a composite number?
True
Let y(c) = -c**3 - c. Let a(n) = 2*n**3 - n**2 + 2*n + 411. Let g(q) = a(q) + y(q). Is g(0) composite?
True
Suppose 0 = 12*o - 6*o - 7482. Is o composite?
True
Suppose -2*p = -0*p + 2. Is 65 + p/(4/(-8)) prime?
True
Let f = -2278 + 3189. Is f composite?
False
Let j = 3 + 0. Suppose 2*r = j*d - 8, -r - 19 = -d - 3*d. Is d a composite number?
True
Suppose 3*n + n - 5*m - 4916 = 0, -5*m + 3687 = 3*n. Is n a prime number?
True
Suppose 0 = -3*a + i + 770 + 108, -2*a = 3*i - 589. Is a a prime number?
True
Let n(d) = -d**2 - 5*d - 5. Let c be n(-4). Let f be c*(-4 + 2 - -7). Is 11*1*(f + 8) composite?
True
Suppose 95 = x - 213. Suppose 0 = -3*z - z + x. Is z composite?
True
Suppose 2*q - 5*r = 522, 307 = q - r + 46. Suppose 0 = -5*b + i + q, 2*i - 8 = -0*i. Is b composite?
False
Is (9/6)/((-4)/(-1784)) composite?
True
Let d = 470 + -849. Let o = -212 - d. Is o composite?
False
Let q = 74 + -22. Suppose 2*b + q = 4*b. Is b a composite number?
True
Let i be ((-10)/(-4))/((-3)/(-6)). Suppose 3*u - 3*d - 2 = 7, i*u + 4*d = 15. Suppose z = u*z - 194. Is z a prime number?
True
Suppose -5*k + 480 = -k. Let l = k + -33. Let d = -52 + l. Is d prime?
False
Suppose -4*p - 4*d = 3252, 0*p = 2*p + 4*d + 1624. Is (p/3)/((-2)/3) composite?
True
Suppose 3*k + 5*j + 28 + 55 = 0, k + 3*j + 29 = 0. Let t = 47 + -10. Let w = t + k. Is w composite?
False
Let d be 5/2 - (-1)/(-2). Let w(i) be the third derivative of i**6/24 - i**5/20 + i**4/24 + i**3/6 + i**2. Is w(d) prime?
True
Suppose 3*l - 2*l - 88 = 0. Suppose 6*x = -89 + 287. Let c = l - x. Is c a prime number?
False
Let x(a) = -49*a - 14. Is x(-7) prime?
False
Suppose 3*t = 2*t + i - 11, 2*t + 5*i = 13. Let r be 25 + -3*2/t. Let o = 52 - r. Is o composite?
True
Let r = -52 - -131. Is r composite?
False
Let t(x) = -502*x**3 + 1. Is t(-1) prime?
True
Suppose -2*t = 5*d - 221, 5*d - 266 = -5*t + 309. Is t composite?
True
Let r(n) = -n**3 + 4*n**3 - 2*n**3 - 2*n - n**2 - 2*n**3 + 5. Is r(-5) a prime number?
False
Let b(m) = -m**2 + 26*m - 19. Is b(12) a prime number?
True
Suppose 13*n - 7890 = 7*n. Is n a prime number?
False
Let f(q) be the third derivative of -q**2 + 4/3*q**3 + 0*q - 1/24*q**4 + 0. Is f(-7) composite?
True
Suppose -2*k = -62 - 196. Let u = k + -86. Suppose -s = -3*s + 5*b + u, 3*s - b = 58. Is s prime?
True
Is 9*(-3)/(-9) + 440 composite?
False
Let r be ((-36)/10)/(10/(-25)). Let o(j) = -2*j + 1 - 1 - r*j. Is o(-5) a prime number?
False
Let b(c) = 0*c - 3*c**2 + 2*c + 5 + 4*c**2. Is b(-4) prime?
True
Let k = -59 - -31. Let j = k - -625. Is j a prime number?
False
Suppose 5*q + 25120 - 117395 = 0. Is 4/(-14) + q/35 a prime number?
False
Let u be (-1)/(-2) + (-7)/(-2). Suppose -l - 5*w = -43, -2*l - 116 = -4*l - u*w. Suppose -4*q + 144 = f, -q - 19 + l = -3*f. Is q prime?
True
Let x be -2*(2 + 3/(-1)). Suppose -x*g - g + 141 = 0. Is g a composite number?
False
Suppose -14*q + 22407 = 7*q. Is q a composite number?
True
Let p(g) = 3*g**2 + 4*g - 6. Suppose -4*c + 0*t - 2*t - 28 = 0, 5 = 3*c - 5*t. Is p(c) a composite number?
True
Let f(p) = p - 2. Let v be (-9)/(-27) - 2/6. Let b be f(v). Is 4 + 4/b + 20 a composite number?
True
Let y(w) = 6*w - 41. Is y(23) composite?
False
Suppose 2*q - 6 = 0, 4*q - q + 146 = 5*h. Is h a prime number?
True
Let n(f) = -2*f**3 + 9*f - 28. Is n(-13) prime?
False
Is -11 + 606 + -1*(-2 - -6) prime?
False
Let z(n) = -7*n**3 - 29*n**2 - 15*n + 5. Let y(j) = 1 - 2*j**3 - 3 + 15*j**2 + 6*j**3 + 8*j. Let f(o) = -5*y(o) - 3*z(o). Is f(-5) composite?
True
Let m(l) = 18*l**2 + 8*l + 1. Is m(13) prime?
False
Suppose 2*h + 4*q = q + 3274, 2*h - 5*q = 3306. Is h a composite number?
True
Let v = 5 - -3. Let p(r) = r**2 - 9*r + 10. Let a be p(v). Suppose 4*m - 3 = -4*o + 81, 4*m - a*o - 108 = 0. Is m a composite number?
True
Suppose -h - 24 = -2*d, -h + 2*h - 60 = -4*d. Let a = -5 + d. Suppose -4*t = -a*t + 105. Is t prime?
False
Suppose m = -0*m + 4. Suppose 32 = m*z - 180. Is z a prime number?
True
Let c = -1 + 1. Let d(u) = 2*u**3 + 2*u**2 - 2*u + 18. Let m(r) = -3*r**3 - 3*r**2 + 3*r - 35. Let x(s) = -5*d(s) - 3*m(s). Is x(c) a prime number?
False
Let c(u) be the third derivative of u**6/120 + u**5/60 - u**4/3 + 5*u**3/6 - 4*u**2. Is c(6) composite?
True
Let v be (6/(-4))/(21/112). Is v + 6 + 69*1 a composite number?
False
Let r = 60 - -571. Is r a composite number?
False
Let n = -2 - -4. Is n*3/(-2) - -122 prime?
False
Is (-7)/14 - 3814/(-4) composite?
False
Suppose u = -0*u + 3*w + 11, -u - 5*w = 13. Suppose 0 = 4*o + n + u*n - 112, o + n = 29. Is o a composite number?
True
Is ((-1)/(-2))/(3/534) a prime number?
True
Let m(c) be the third derivative of 11*c**4/24 + 4*c**3/3 - 2*c**2. Is m(7) a composite number?
True
Let h be (-1)/((-466)/(-234) - 2). Let t = h - 72. Is 1/(-4) + t/4 composite?
False
Suppose -2*s = -k + 2*k - 499, 1261 = 5*s - 2*k. Is s prime?
True
Let i(l) = -2*l + 5. Let m be i(4). Let v(z) = -z**3 - 4*z**2 - 2*z + 3. Let j be v(m). Suppose 178 = -j*k + 2*k. Is k a prime number?
True
Suppose 396 = 2*q - 132. Is 6/30 + q/5 a composite number?
False
Let g(a) = 3*a - 6. Let t be (2/(-4))/((-1)/(-4)). Let c be t - 2*(-5 - -2). Is g(c) prime?
False
Suppose -k - 27 = -4*k. Is (-2)/k + 16892/36 a prime number?
False
Let y be (-756)/35 - 2/5. Is y/(8/6 - 2) prime?
False
Suppose -p + 15 + 58 = 0. Let h = 186 - p. Is h a composite number?
False
Suppose 3*u = -0*x - 5*x + 38, -20 = -2*u - 2*x. Is u prime?
False
Suppose -3*m - 81 - 72 = 0. Let h = 184 + m. Let b = h + -14. Is b a prime number?
False
Let r(m) = -m**3 + 5*m**2 - 8*m - 3. Let q(g) = 2*g**3 - 6*g**2 + 9*g + 2. Let n(y) = -4*q(y) - 5*r(y). Is n(-3) a composite number?
False
Suppose -271 = k - 1538. Is k a prime number?
False
Let a = -762 + 384. Let h = a - -1159. Is h a prime number?
False
Let v be (3/(-6))/(3/(-18)). Is -2*(v - 25)/2 composite?
True
Suppose 0 = 5*c - 3*k - 66, 30 = 3*c - 4*k - 14. Let r = 211 + c. Let y = -130 + r. Is y a prime number?
False
Let f = 78 + 51. Is f composite?
True
Suppose -2*x = -5*n + 5, -10 + 0 = -2*x. Let y = n - 3. Suppose 2*g + y*g = 158. Is g a composite number?
False
Let h(f) = -51*f + 2. Let t be h(-2